alse
Is 21 a factor of 8769012?
True
Is 11 a factor of 42262?
True
Does 981 divide 19778997?
False
Does 13 divide 6289660?
True
Is 1211474 a multiple of 11?
True
Is 1292382 a multiple of 819?
True
Is 154934 a multiple of 207?
False
Is 6 a factor of 175284?
True
Is 750 a factor of 382500?
True
Is 62 a factor of 1269946?
True
Does 39 divide 2487661?
False
Does 18 divide 223884?
True
Does 16 divide 7562865?
False
Is 14 a factor of 20279854?
True
Is 116 a factor of 138156?
True
Is 5 a factor of 57265?
True
Is 72 a factor of 168264?
True
Does 77 divide 361900?
True
Is 371360 a multiple of 32?
True
Is 2 a factor of 14880?
True
Does 25 divide 409109?
False
Is 26 a factor of 143152?
False
Is 1419015 a multiple of 247?
True
Does 67 divide 303510?
True
Does 23 divide 409837?
True
Is 475 a factor of 282150?
True
Is 1551095 a multiple of 21?
False
Does 38 divide 1270340?
True
Is 7 a factor of 638299?
False
Does 66 divide 274829?
False
Is 136 a factor of 11304456?
True
Does 12 divide 2434068?
True
Is 13 a factor of 1313959?
False
Does 19 divide 2634100?
False
Is 87 a factor of 2490161?
False
Is 159320 a multiple of 10?
True
Is 191263 a multiple of 438?
False
Is 58 a factor of 223002?
False
Is 10 a factor of 561213?
False
Is 419 a factor of 1107417?
True
Does 17 divide 17968?
False
Does 28 divide 294784?
True
Is 33 a factor of 1077140?
False
Is 1324432 a multiple of 92?
True
Is 115 a factor of 17135?
True
Does 7 divide 698840?
False
Is 5 a factor of 3324080?
True
Is 6847218 a multiple of 21?
True
Is 1841637 a multiple of 7?
True
Is 52647 a multiple of 327?
True
Does 241 divide 102425?
True
Does 288 divide 1504800?
True
Is 144 a factor of 276910?
False
Is 1251161 a multiple of 61?
False
Is 2753538 a multiple of 107?
True
Does 19 divide 411673?
True
Is 175890 a multiple of 615?
True
Is 29 a factor of 423255?
True
Is 372 a factor of 305425?
False
Is 238710 a multiple of 95?
False
Does 62 divide 2352528?
True
Is 57 a factor of 214255?
False
Is 122688 a multiple of 64?
True
Does 1040 divide 9518080?
True
Is 1510704 a multiple of 24?
True
Is 16 a factor of 310909?
False
Is 44 a factor of 182688?
True
Is 26 a factor of 264535?
False
Is 2 a factor of 2328?
True
Is 13190265 a multiple of 495?
True
Is 115984 a multiple of 88?
True
Does 2 divide 3425?
False
Is 98778 a multiple of 24?
False
Is 5056853 a multiple of 91?
False
Is 25970 a multiple of 22?
False
Does 110 divide 63140?
True
Does 364 divide 3049228?
True
Is 224 a factor of 165536?
True
Does 6 divide 447450?
True
Is 26181 a multiple of 2?
False
Is 14 a factor of 579502?
True
Does 337 divide 78521?
True
Is 197202 a multiple of 330?
False
Is 25 a factor of 7514229?
False
Does 23 divide 9752?
True
Is 211927 a multiple of 30?
False
Is 180 a factor of 2760852?
False
Is 46 a factor of 52210?
True
Is 5199320 a multiple of 310?
True
Does 125 divide 4235562?
False
Does 177 divide 845043?
False
Does 33 divide 91971?
True
Is 309 a factor of 18849?
True
Is 28556062 a multiple of 1546?
False
Does 8 divide 192928?
True
Is 3869891 a multiple of 148?
False
Is 179 a factor of 186160?
True
Is 3357440 a multiple of 16?
True
Is 241757 a multiple of 2?
False
Does 3 divide 1046823?
True
Is 15431649 a multiple of 21?
False
Is 10 a factor of 313217?
False
Does 24 divide 4895679?
False
Does 7 divide 255829?
True
Is 4241555 a multiple of 35?
False
Is 86 a factor of 5666237?
False
Is 4 a factor of 1108871?
False
Is 221769 a multiple of 52?
False
Does 24 divide 28756159?
False
Is 16182 a multiple of 18?
True
Is 336957 a multiple of 2?
False
Does 264 divide 461736?
True
Is 201494 a multiple of 12?
False
Is 229130 a multiple of 8?
False
Does 1207 divide 5420411?
False
Does 151 divide 429746?
True
Does 43 divide 218483?
True
Does 8 divide 42840?
True
Is 12 a factor of 2941962?
False
Is 270316 a multiple of 182?
False
Is 9 a factor of 1386597?
False
Is 7839426 a multiple of 321?
False
Is 186822 a multiple of 6?
True
Does 8 divide 367893?
False
Does 17 divide 887468?
True
Does 3 divide 140855?
False
Is 75660 a multiple of 263?
False
Is 289992 a multiple of 344?
True
Is 842 a factor of 2240725?
False
Is 14 a factor of 205994?
False
Is 62757 a multiple of 8?
False
Is 71 a factor of 7915515?
False
Is 196705 a multiple of 355?
False
Is 4954302 a multiple of 58?
True
Is 18714672 a multiple of 16?
True
Is 537600 a multiple of 21?
True
Is 119232 a multiple of 138?
True
Is 367374 a multiple of 14?
True
Is 51 a factor of 8298331?
False
Is 437 a factor of 540132?
True
Does 31 divide 888770?
True
Is 589 a factor of 5033005?
True
Is 4746212 a multiple of 52?
False
Is 2083708 a multiple of 11?
True
Is 170327 a multiple of 20?
False
Is 3 a factor of 89254?
False
Does 281 divide 4927616?
True
Is 7962 a multiple of 90?
False
Is 24 a factor of 2241024?
True
Is 141 a factor of 348373?
False
Does 213 divide 4228?
False
Is 19 a factor of 4118493?
False
Is 888241 a multiple of 29?
True
Does 54 divide 77480?
False
Does 4 divide 843148?
True
Is 1926807 a multiple of 31?
False
Is 11609406 a multiple of 108?
False
Is 7126144 a multiple of 583?
False
Is 32829040 a multiple of 340?
True
Does 472 divide 464865?
False
Does 21 divide 13967?
False
Does 14 divide 111825?
False
Is 1594491 a multiple of 14?
False
Is 677460 a multiple of 140?
True
Is 1201513 a multiple of 12?
False
Is 291089 a multiple of 14?
False
Is 5111300 a multiple of 316?
True
Does 13 divide 18889?
True
Is 38 a factor of 1064000?
True
Is 532074 a multiple of 426?
True
Does 14 divide 167146?
True
Does 6 divide 607581?
False
Is 105307 a multiple of 20?
False
Is 851 a factor of 4676120?
False
Does 23 divide 485323?
True
Is 4 a factor of 1006140?
True
Is 824460 a multiple of 14?
True
Does 477 divide 1352640?
False
Is 9 a factor of 75741?
False
Is 17 a factor of 398881?
False
Does 22 divide 237055?
False
Is 31310287 a multiple of 2744?
False
Is 2 a factor of 60790?
True
Is 138400 a multiple of 13?
False
Does 162 divide 931014?
True
Does 102 divide 952379?
False
Is 79032 a multiple of 23?
False
Does 247 divide 2919787?
True
Does 96 divide 3430560?
True
Is 40 a factor of 3846680?
True
Is 2657886 a multiple of 120?
False
Is 17456296 a multiple of 143?
True
Is 12 a factor of 232272?
True
Is 8 a factor of 259104?
True
Is 8492214 a multiple of 17?
True
Does 113 divide 167918?
True
Does 250 divide 675500?
True
Is 14 a factor of 273795?
False
Is 11 a factor of 1064184?
True
Does 149 divide 972146?
False
Does 12 divide 583824?
True
Is 959 a factor of 2914912?
False
Does 79 divide 72574?
False
Is 8 a factor of 128968?
True
Is 8 a factor of 5786732?
False
Is 74 a factor of 1703483?
False
Is 303 a factor of 4453797?
True
Is 274 a factor of 20175990?
True
Does 20 divide 1167858?
False
Is 4290939 even?
False
Is 678994 a multiple of 16?
False
Does 293 divide 1037220?
True
Is 828 a factor of 12104532?
True
Is 2138274 a multiple of 5?
False
Does 177 divide 183343?
False
Does 191 divide 597066?
True
Does 161 divide 760403?
True
Does 24 divide 6704016?
True
Is 6 a factor of 304548?
True
Does 165 divide 531480?
False
Is 109 a factor of 12583287?
True
Does 10 divide 2020290?
True
Is 893101 a multiple of 20?
False
Does 49 divide 7983276?
True
Does 79 divide 3112679?
True
Is 341 a factor of 128898?
True
Is 126608 a multiple of 164?
True
Is 23 a factor of 122689?
False
Is 254 a factor of 1871508?
False
Is 640175 a multiple of 25?
True
Is 218000 a multiple of 80?
True
Does 18 divide 394866?
True
Is 641 a factor of 8228020?
False
Is 8730875 a multiple of 125?
True
Is 11 a factor of 54153?
True
Is 325880 a multiple of 20?
True
Does 12 divide 158364?
True
Is 161396 a multiple of 183?
False
Is 291383 a multiple of 4?
False
Is 205523 a multiple of 373?
True
Does 34 divide 168232?
True
Is 290 a factor of 1802520?
False
Is 48974 a multiple of 9?
False
Is 272 a factor of 43248?
True
Is 17 a factor of 130968?
True
Is 196933 a multiple of 119?
False
Is 563530 a multiple of 545?
True
Does 9 divide 210987?
True
Is 491985 a multiple of 87?
True
Is 540 a factor of 3930660?
True
Is 21 a factor of 746340?
True
Does 23 divide 10072819?
False
Is 252 a factor of 768425?
False
Does 12 divide 1425264?
True
Is 30 a factor of 12839820?
True
Is 36 a factor of 19872?
True
Is 6453401 a multiple of 134?
False
Is 212 a factor of 23632488?
True
Is 191 a fac